- 1). Suppose 0 = f - i - 70. What is the highest common factor of f and k?
13
Let w(k) = -3*k**2 + 27*k - 11. Let b be w(8). What is the highest common divisor of 91 and b?
13
Let o = -1803 - -557. Let z = -182 - o. Let d be z/44 - (-2)/(-11). What is the greatest common divisor of d and 12?
12
Suppose -3*m + 91 = -14. What is the greatest common factor of m and 7?
7
Let c = 1 - -1. Suppose -4*t + c*r + 0*r + 26 = 0, 2*t + 2*r - 4 = 0. What is the highest common factor of 2 and t?
1
Suppose 0 = -3*z + 2*z + 18. What is the highest common divisor of z and 12?
6
Let h(v) = 199*v**3. Let x be h(1). Let t be 1/(2/(-3 + x)). Calculate the highest common divisor of 14 and t.
14
Let g(s) = 7*s + 9. Let n(v) = 5*v**2 - 2*v - 1. Let q be n(-1). Let y be g(q). What is the greatest common factor of y and 34?
17
Suppose 5*n + 0*n + 70 = y, 2*y - 154 = -4*n. Calculate the greatest common factor of y and 15.
15
Suppose 3*w - 2*q = -19, -4*w + 0*w - 5*q + 13 = 0. Let o = w + 30. Let u = o - 19. Calculate the greatest common divisor of u and 24.
8
Let r = 8 + -5. Suppose d = 3*b - 17, -4*d - r = 5. Suppose -b*y + 10*y = 120. What is the highest common divisor of 6 and y?
6
Suppose -5*t + 2*w = -144, 0 = 5*t + 2*w - 76 - 80. Calculate the highest common factor of t and 75.
15
Let j(b) = 3*b**2 - 3. Let o be j(3). Let q be 1 + -1 - (1 - -1). Let g = 10 - q. What is the greatest common factor of g and o?
12
Let j = 166 + -94. What is the highest common divisor of j and 8?
8
Suppose 0 = 3*x - 0 - 6. Let y be 0 - 2/(-3)*6. Suppose -117 = -5*i - x*a + 17, y*i + a - 106 = 0. Calculate the highest common divisor of i and 13.
13
Suppose 26 + 86 = 4*y. Suppose 0 = 3*q - y - 26. What is the greatest common divisor of 9 and q?
9
Let i be (12 - 1)/(2/4). Let u = -19 + 52. What is the highest common divisor of i and u?
11
Suppose 2*c - 7 = 47. Calculate the greatest common divisor of c and 18.
9
Let n = -3 - -5. Suppose 5*y = -2*b - b + 24, -b = -4*y - 8. Let h = b + -6. Calculate the greatest common factor of n and h.
2
Let v = -23 + 41. Calculate the highest common divisor of v and 27.
9
Let s = -135 - -156. What is the highest common divisor of s and 49?
7
Let f be -3 - (-3 - (3 - -96)). Suppose -4*i = -k - f, -4*i + 2*k + 54 = -2*i. Suppose -3*n = -n - 96. Calculate the highest common divisor of i and n.
24
Suppose 4*d - 5*d - 15 = -2*j, -3*d + j = 45. Let q = d + 6. Let l = -4 - q. What is the greatest common factor of l and 5?
5
Let h(s) be the third derivative of s**6/20 + s**4/12 + s**3/2 - 2*s**2. Let c be h(-2). Let x = 73 + c. Calculate the greatest common divisor of x and 36.
12
Suppose 8*g - 49 = g. What is the greatest common divisor of g and 147?
7
Let q(j) = 2*j**2 - 15*j - 5. Let v be q(-7). Calculate the highest common factor of 22 and v.
22
Let z be (1 + 0)/((-2)/(-12)). Let w = z - -24. Let u(c) = -4*c**2 - c + 45. Let o be u(0). What is the greatest common divisor of w and o?
15
Let n = 57 + -47. What is the highest common divisor of n and 50?
10
Let s = -1 - -7. What is the greatest common divisor of s and 9?
3
Let n(l) = l**2 - 2*l + 5. Let q be n(5). What is the greatest common divisor of q and 220?
20
Let i(b) = -9*b**2 + 0 + 6 + 4 - 8*b - b**3. Let t be i(-8). Let n be (-352)/(-5) - (-4)/(-10). Calculate the highest common factor of n and t.
10
Let i(m) = 2*m + 13. Let s be i(4). What is the greatest common factor of s and 7?
7
Let s(c) = -c. Let n be s(-5). Suppose 4*b - 5*m = 3*b + 28, -4*b = n*m - 212. What is the greatest common divisor of b and 120?
24
Let m be 2 + 0 - 6/3. Let n(z) = z + 9. Let f be n(m). Suppose -86 - 112 = -2*s. Calculate the greatest common divisor of f and s.
9
Suppose -5*m + 1 = -4*m - 3*y, -3*y = -4*m + 13. Calculate the highest common factor of m and 44.
4
Let i be 3 + -5 + -1 - -30. Suppose 4*s = -i + 247. What is the highest common divisor of s and 5?
5
Let t be -15*((-12)/5)/4. Let z be t*((-5)/3 - -2). What is the highest common factor of z and 21?
3
Let n = -33 - -14. Let b = 43 + n. Calculate the highest common factor of b and 36.
12
Suppose 2*b + g - 25 = 0, -b - 26 = -2*b + 4*g. What is the greatest common factor of b and 98?
14
Let j = 83 + -39. What is the highest common factor of j and 176?
44
Suppose 31 = 5*p + 1. Let t(b) = -2. Let u(n) = n + 7. Let l(a) = -21*t(a) - 6*u(a). Let d be l(-8). Calculate the highest common factor of d and p.
6
Suppose 0 = 6*x - 2 - 88. Calculate the greatest common factor of x and 15.
15
Let i = -445 + 466. Let l(b) = 3*b**2 - 3. Let p be l(-6). Calculate the greatest common divisor of i and p.
21
Let c be 9/(-18) - 14/(-4). Let j be (13/3 + -3)*c. Suppose 4*w - 64 = j*r - 12, -4*w = 4*r - 60. Calculate the highest common factor of 14 and w.
14
Let b = -93 - -141. Suppose -2*m = -5*m + b. Calculate the highest common divisor of m and 8.
8
Suppose 6*f - 66 = 2*f - 2*v, -2*v = -4*f + 54. Calculate the highest common factor of f and 10.
5
Suppose 20 = 7*u - 2*u. Suppose 0 = -t + 2*t - u. Suppose t*v - 1 = 59. Calculate the greatest common factor of 6 and v.
3
Let a be ((-15)/6)/((-9)/6 + 1). What is the highest common factor of a and 65?
5
Suppose i = -a - a + 53, a = -3*i + 39. Calculate the greatest common divisor of 12 and a.
12
Let x(o) = 2*o + 1. Let v be x(6). Suppose -5*g + 230 = -30. Calculate the greatest common factor of v and g.
13
Let m(a) = a**3 - 4*a**2 + 2*a + 4. Let g be m(3). Let q = 4 - g. Suppose -q*h + 48 = -0*h. Calculate the highest common divisor of 64 and h.
16
Suppose 1615 = 4*h - 5*w, -3*h - 5*w = -788 - 432. Suppose -r + 5*o = -4*r + h, o = 0. What is the greatest common factor of r and 15?
15
Let g(f) = f + 1. Let j(x) = 22*x - 6. Let r(u) = -10*g(u) - j(u). Let n be r(-7). What is the greatest common factor of n and 20?
20
Suppose -5*f = 3*t - 63, 9*t - 29 = -2*f + 4*t. Suppose 0 = -3*g + f - 0. Suppose 40 = g*r - 0*r. What is the highest common factor of r and 25?
5
Let t(m) = -m**2 + 5*m - 4. Let g be t(3). Let a be (0 - 1)*1 + g. Let j(k) = 26*k + 1. Let i be j(a). What is the highest common factor of i and 3?
3
Suppose 5*y - 7 = 6*y. Let q = -6 - y. Let a be 78*(q - (-2)/(-4)). Calculate the greatest common divisor of a and 26.
13
Let k = 400 + -387. Let y = -39 - -78. What is the highest common factor of y and k?
13
Let x be (0 + 2/(-4))*-12. Let b = -3 + x. Suppose 4*r = -b*k + 654, 2*r - 124 = 4*k + 214. What is the highest common factor of 15 and r?
15
Let g(u) = 6*u**2 + 6*u - 1. Let q(r) = 7*r**2 + 7*r. Let j(o) = -6*g(o) + 5*q(o). Let w be j(0). Calculate the greatest common divisor of 2 and w.
2
Let i(y) = y**2 + 9*y - 5. Let r be i(-9). Let l be (30/r)/(2/(-4)). What is the highest common divisor of 96 and l?
12
Suppose v = -5*j - 2*v + 7, 0 = -j + 2*v + 4. Suppose b + j*b = 36. Let c(t) = 3*t**2 - 7*t + 10. Let u be c(7). What is the highest common factor of b and u?
12
Let l be 16*-3 - 2/(-1). Let r be l/(-10) - 6/(-15). Calculate the highest common divisor of 2 and r.
1
Let f = 205 - 79. Suppose 3*i + 41 = -34. Let u be 1 + -1 - (11 + i). What is the greatest common divisor of u and f?
14
Let n be (8/10)/(6/(-15)). Let w be (2/5)/(n/(-40)). Calculate the highest common divisor of 20 and w.
4
Suppose 2*c = c + 11. What is the greatest common factor of 1 and c?
1
Let p be (5/3)/((-4)/(-12)). Suppose d + 24 = -2*d. Let w = p - d. Calculate the greatest common divisor of w and 26.
13
Suppose -2*q + 3*m - 8*m + 27 = 0, -3*m + 9 = 0. What is the greatest common divisor of q and 30?
6
Suppose 2*d + 166 = 4*y, -7*y + 5*d = -2*y - 220. What is the highest common divisor of y and 52?
13
Suppose -4*n + 826 = -3*z, -5*z - 74 + 916 = 4*n. What is the highest common divisor of n and 8?
8
Suppose -1 = -2*a + 7. Suppose -a*f + r = -13, 3*r = -3*f - r + 5. Let g be ((-4)/f)/(2/(-6)). Calculate the greatest common divisor of 28 and g.
4
Suppose 66 = -2*j + 186. Suppose 5*i - j + 5 = 0. Suppose -4*w + 222 = 2*r, 0 = 3*r - 0*w - 3*w - 378. Calculate the greatest common divisor of i and r.
11
Let n(d) = -6*d - 21. Let i be n(-9). What is the highest common divisor of 297 and i?
33
Suppose -4*q - 3*i = -25 - 4, -3*q = -2*i - 9. Suppose 88 = -4*t + q*t. Calculate the greatest common divisor of t and 11.
11
Suppose 3*z - 20 = -2*f, 3*z + 60 = 3*f - 0*z